{"id":1483,"date":"2021-08-10T03:45:14","date_gmt":"2021-08-10T06:45:14","guid":{"rendered":"https:\/\/iescubas-cat.infd.edu.ar\/sitio\/?page_id=1483"},"modified":"2023-10-06T18:18:13","modified_gmt":"2023-10-06T21:18:13","slug":"alumnos","status":"publish","type":"page","link":"https:\/\/iescubas-cat.infd.edu.ar\/sitio\/alumnos\/","title":{"rendered":"ALUMNOS"},"content":{"rendered":"\n<hr class=\"wp-block-separator has-alpha-channel-opacity\"\/>\n\n\n\n<p class=\"has-text-align-center\"><strong>Hoy asueto institucional<\/strong><\/p>\n\n\n\n<p class=\"has-text-align-center\">Lamentamos informar a los alumnos, plantel docente, de servicios generales y personal administrativo, que el IES \u201cGdor. Jos\u00e9 Cubas\u201d se encuentra de luto por fallecimiento del alumno del Profesorado en Educaci\u00f3n Tecnol\u00f3gica, Dar\u00edo Ag\u00fcero.<\/p>\n\n\n\n<p class=\"has-text-align-center\">Esta gran p\u00e9rdida entristece a todos los que formamos parte de la instituci\u00f3n y junto a la comunidad educativa del IES, acompa\u00f1amos y nos ponemos a disposici\u00f3n en este dif\u00edcil momento, de la familia de Dar\u00edo y de sus compa\u00f1eros de 3er a\u00f1o de Tecnolog\u00eda. Asimismo, invitamos a todos los que deseen despedirlo, a la sala velatorio de 9 de Julio y Rep\u00fablica.<\/p>\n\n\n\n<p class=\"has-text-align-center\">Debido a este triste acontecimiento, en el d\u00eda de la fecha se suspenden todas las actividades institucionales, tanto de sede central como de los anexos, por encontrarse el instituto de luto.<\/p>\n\n\n\n<p class=\"has-text-align-center\">Tambi\u00e9n lamentamos la pronta partida de Marisol Salas, egresada del Profesorado en Educaci\u00f3n Inicial, acompa\u00f1amos a su familia ante esta gran p\u00e9rdida.<\/p>\n\n\n<div class=\"wp-block-image\">\n<figure class=\"aligncenter size-full is-resized\"><img decoding=\"async\" loading=\"lazy\" src=\"https:\/\/iescubas-cat.infd.edu.ar\/sitio\/wp-content\/uploads\/2023\/10\/LUTO.png\" alt=\"\" class=\"wp-image-5866\" width=\"390\" height=\"363\" srcset=\"https:\/\/iescubas-cat.infd.edu.ar\/sitio\/wp-content\/uploads\/2023\/10\/LUTO.png 1073w, https:\/\/iescubas-cat.infd.edu.ar\/sitio\/wp-content\/uploads\/2023\/10\/LUTO-1000x932.png 1000w, https:\/\/iescubas-cat.infd.edu.ar\/sitio\/wp-content\/uploads\/2023\/10\/LUTO-768x716.png 768w\" sizes=\"(max-width: 390px) 100vw, 390px\" \/><\/figure><\/div>\n\n\n<p><\/p>\n\n\n\n<hr class=\"wp-block-separator has-alpha-channel-opacity\"\/>\n\n\n\n<p><strong>Informamos a nuestra comunidad educativa que el IES \u201cGdor. Jos\u00e9 Cubas\u201d se encuentra de luto por fallecimiento del alumno de la Tecnicatura Superior en Enfermer\u00eda, Alejandro Vergara, ocurrida durante la ma\u00f1ana de hoy.<\/strong><\/p>\n\n\n\n<p class=\"has-text-align-center\">Esta enorme p\u00e9rdida entristece a todos los que formamos parte de la instituci\u00f3n y junto a el plantel docente, de bedelera y de servicios generales, acompa\u00f1amos y nos ponemos a disposici\u00f3n en este dif\u00edcil momento, de la familia de Alejandro y de sus compa\u00f1eros de Enfermer\u00eda. Asimismo, invitamos a todos los que deseen despedirlo, a la sala velatorio de Av. Belgrano y pasaje Madue\u00f1o.<\/p>\n\n\n\n<p class=\"has-text-align-center\">Debido a este triste momento, en el d\u00eda de la fecha no habr\u00e1 actividad institucional por encontrarse el instituto de luto.<\/p>\n\n\n<div class=\"wp-block-image\">\n<figure class=\"aligncenter size-full\"><img decoding=\"async\" loading=\"lazy\" width=\"318\" height=\"160\" src=\"https:\/\/iescubas-cat.infd.edu.ar\/sitio\/wp-content\/uploads\/2023\/09\/imagen.png\" alt=\"\" class=\"wp-image-5774\"\/><\/figure><\/div>\n\n\n<hr class=\"wp-block-separator has-alpha-channel-opacity\"\/>\n\n\n\n<figure class=\"wp-block-video\"><video controls src=\"blob:https:\/\/iescubas-cat.infd.edu.ar\/b46ba3ab-9531-46bd-8d10-3886deecbdd0\"><\/video><\/figure>\n\n\n\n<hr class=\"wp-block-separator has-alpha-channel-opacity\"\/>\n\n\n\n<figure class=\"wp-block-video\"><video controls src=\"https:\/\/iescubas-cat.infd.edu.ar\/sitio\/wp-content\/uploads\/2023\/09\/Blue-Finance-Consulting-Online-Business-School-Video-Facebook-Ad.mp4\"><\/video><\/figure>\n\n\n\n<hr class=\"wp-block-separator has-alpha-channel-opacity\"\/>\n\n\n\n<figure class=\"wp-block-image size-full\"><img decoding=\"async\" loading=\"lazy\" width=\"1200\" height=\"628\" src=\"https:\/\/iescubas-cat.infd.edu.ar\/sitio\/wp-content\/uploads\/2023\/09\/CENTRO-DE-ESTUDIANTE.png\" alt=\"\" class=\"wp-image-5688\" srcset=\"https:\/\/iescubas-cat.infd.edu.ar\/sitio\/wp-content\/uploads\/2023\/09\/CENTRO-DE-ESTUDIANTE.png 1200w, https:\/\/iescubas-cat.infd.edu.ar\/sitio\/wp-content\/uploads\/2023\/09\/CENTRO-DE-ESTUDIANTE-1000x523.png 1000w, https:\/\/iescubas-cat.infd.edu.ar\/sitio\/wp-content\/uploads\/2023\/09\/CENTRO-DE-ESTUDIANTE-768x402.png 768w\" sizes=\"(max-width: 1200px) 100vw, 1200px\" \/><\/figure>\n\n\n\n<p><\/p>\n\n\n\n<hr class=\"wp-block-separator has-alpha-channel-opacity\"\/>\n\n\n<div class=\"wp-block-image\">\n<figure class=\"aligncenter size-full is-resized\"><a href=\"https:\/\/docs.google.com\/forms\/d\/e\/1FAIpQLScJH3KdhD1c2CY1-JsxKQ3ZTl2rZUv654_EeGT8jIbvS5981g\/viewform?pli=1\" target=\"_blank\" rel=\"noreferrer noopener\"><img decoding=\"async\" loading=\"lazy\" src=\"https:\/\/iescubas-cat.infd.edu.ar\/sitio\/wp-content\/uploads\/2023\/08\/369869409_266072382946660_2019668168796406079_n.jpg\" alt=\"\" class=\"wp-image-5559\" width=\"476\" height=\"665\"\/><\/a><figcaption class=\"wp-element-caption\">FORMULARIO DE INSCRIPCION<\/figcaption><\/figure><\/div>\n\n\n<p><\/p>\n\n\n<div class=\"wp-block-image\">\n<figure class=\"aligncenter size-full is-resized\"><img decoding=\"async\" loading=\"lazy\" src=\"https:\/\/iescubas-cat.infd.edu.ar\/sitio\/wp-content\/uploads\/2023\/08\/image.png\" alt=\"\" class=\"wp-image-5560\" width=\"1184\" height=\"176\" srcset=\"https:\/\/iescubas-cat.infd.edu.ar\/sitio\/wp-content\/uploads\/2023\/08\/image.png 1806w, https:\/\/iescubas-cat.infd.edu.ar\/sitio\/wp-content\/uploads\/2023\/08\/image-1000x150.png 1000w, https:\/\/iescubas-cat.infd.edu.ar\/sitio\/wp-content\/uploads\/2023\/08\/image-768x115.png 768w, https:\/\/iescubas-cat.infd.edu.ar\/sitio\/wp-content\/uploads\/2023\/08\/image-1536x230.png 1536w\" sizes=\"(max-width: 1184px) 100vw, 1184px\" \/><\/figure><\/div>\n\n\n<hr class=\"wp-block-separator has-alpha-channel-opacity\"\/>\n\n\n<div class=\"wp-block-image\">\n<figure class=\"aligncenter size-full is-resized\"><img decoding=\"async\" loading=\"lazy\" src=\"https:\/\/iescubas-cat.infd.edu.ar\/sitio\/wp-content\/uploads\/2023\/08\/WhatsApp-Image-2023-08-05-at-09.38.02.jpeg\" alt=\"\" class=\"wp-image-5474\" width=\"604\" height=\"853\" srcset=\"https:\/\/iescubas-cat.infd.edu.ar\/sitio\/wp-content\/uploads\/2023\/08\/WhatsApp-Image-2023-08-05-at-09.38.02.jpeg 1131w, https:\/\/iescubas-cat.infd.edu.ar\/sitio\/wp-content\/uploads\/2023\/08\/WhatsApp-Image-2023-08-05-at-09.38.02-707x1000.jpeg 707w, https:\/\/iescubas-cat.infd.edu.ar\/sitio\/wp-content\/uploads\/2023\/08\/WhatsApp-Image-2023-08-05-at-09.38.02-768x1086.jpeg 768w, https:\/\/iescubas-cat.infd.edu.ar\/sitio\/wp-content\/uploads\/2023\/08\/WhatsApp-Image-2023-08-05-at-09.38.02-1086x1536.jpeg 1086w\" sizes=\"(max-width: 604px) 100vw, 604px\" \/><\/figure><\/div>\n\n\n<hr class=\"wp-block-separator has-alpha-channel-opacity\"\/>\n\n\n<div class=\"wp-block-image\">\n<figure class=\"aligncenter size-full is-resized\"><img decoding=\"async\" loading=\"lazy\" src=\"https:\/\/iescubas-cat.infd.edu.ar\/sitio\/wp-content\/uploads\/2023\/08\/WhatsApp-Image-2023-08-08-at-14.52.08.jpeg\" alt=\"\" class=\"wp-image-5473\" width=\"597\" height=\"597\" srcset=\"https:\/\/iescubas-cat.infd.edu.ar\/sitio\/wp-content\/uploads\/2023\/08\/WhatsApp-Image-2023-08-08-at-14.52.08.jpeg 1201w, https:\/\/iescubas-cat.infd.edu.ar\/sitio\/wp-content\/uploads\/2023\/08\/WhatsApp-Image-2023-08-08-at-14.52.08-1000x1000.jpeg 1000w, https:\/\/iescubas-cat.infd.edu.ar\/sitio\/wp-content\/uploads\/2023\/08\/WhatsApp-Image-2023-08-08-at-14.52.08-500x500.jpeg 500w, https:\/\/iescubas-cat.infd.edu.ar\/sitio\/wp-content\/uploads\/2023\/08\/WhatsApp-Image-2023-08-08-at-14.52.08-768x768.jpeg 768w\" sizes=\"(max-width: 597px) 100vw, 597px\" \/><\/figure><\/div>\n\n\n<hr class=\"wp-block-separator has-alpha-channel-opacity\"\/>\n\n\n\n<h2 class=\"has-text-align-center wp-block-heading\">12\/06\/2023<\/h2>\n\n\n<div class=\"wp-block-image\">\n<figure class=\"aligncenter\"><img decoding=\"async\" loading=\"lazy\" width=\"320\" height=\"320\" src=\"https:\/\/iescubas-cat.infd.edu.ar\/sitio\/wp-content\/uploads\/2023\/06\/luto.png\" alt=\"\" class=\"wp-image-5217\"\/><\/figure><\/div>\n\n\n<p><a href=\"https:\/\/m.facebook.com\/story.php?story_fbid=pfbid027TRreYvFjN5MyDGyq2rdY7b4pEPKpEm2FNt5tVmGuy18wA9Nt7XrNYfUxf3UfFB8l&amp;id=100086317009437&amp;mibextid=Nif5oz\" target=\"_blank\" rel=\"noreferrer noopener\"><\/a><\/p>\n\n\n\n<p class=\"has-text-align-center\"><a href=\"https:\/\/m.facebook.com\/story.php?story_fbid=pfbid027TRreYvFjN5MyDGyq2rdY7b4pEPKpEm2FNt5tVmGuy18wA9Nt7XrNYfUxf3UfFB8l&amp;id=100086317009437&amp;mibextid=Nif5oz\" target=\"_blank\" rel=\"noreferrer noopener\">leer mas<\/a><\/p>\n\n\n\n<hr class=\"wp-block-separator has-alpha-channel-opacity\"\/>\n","protected":false},"excerpt":{"rendered":"<p>Hoy asueto institucional Lamentamos informar a los alumnos, plantel docente, de servicios generales y personal administrativo, que el IES \u201cGdor. Jos\u00e9 Cubas\u201d se encuentra de luto por fallecimiento del alumno del Profesorado en Educaci\u00f3n Tecnol\u00f3gica, Dar\u00edo Ag\u00fcero. Esta gran p\u00e9rdida entristece a todos los que formamos parte de la instituci\u00f3n y junto a la comunidad &#8230; <a title=\"ALUMNOS\" class=\"read-more\" href=\"https:\/\/iescubas-cat.infd.edu.ar\/sitio\/alumnos\/\" aria-label=\"More on ALUMNOS\">[+]<\/a><\/p>\n","protected":false},"author":238,"featured_media":0,"parent":0,"menu_order":0,"comment_status":"closed","ping_status":"closed","template":"","meta":[],"acf":[],"_links":{"self":[{"href":"https:\/\/iescubas-cat.infd.edu.ar\/sitio\/wp-json\/wp\/v2\/pages\/1483"}],"collection":[{"href":"https:\/\/iescubas-cat.infd.edu.ar\/sitio\/wp-json\/wp\/v2\/pages"}],"about":[{"href":"https:\/\/iescubas-cat.infd.edu.ar\/sitio\/wp-json\/wp\/v2\/types\/page"}],"author":[{"embeddable":true,"href":"https:\/\/iescubas-cat.infd.edu.ar\/sitio\/wp-json\/wp\/v2\/users\/238"}],"replies":[{"embeddable":true,"href":"https:\/\/iescubas-cat.infd.edu.ar\/sitio\/wp-json\/wp\/v2\/comments?post=1483"}],"version-history":[{"count":12,"href":"https:\/\/iescubas-cat.infd.edu.ar\/sitio\/wp-json\/wp\/v2\/pages\/1483\/revisions"}],"predecessor-version":[{"id":5868,"href":"https:\/\/iescubas-cat.infd.edu.ar\/sitio\/wp-json\/wp\/v2\/pages\/1483\/revisions\/5868"}],"wp:attachment":[{"href":"https:\/\/iescubas-cat.infd.edu.ar\/sitio\/wp-json\/wp\/v2\/media?parent=1483"}],"curies":[{"name":"wp","href":"https:\/\/api.w.org\/{rel}","templated":true}]}}