{"id":3113,"date":"2022-06-30T20:47:53","date_gmt":"2022-06-30T23:47:53","guid":{"rendered":"https:\/\/iescubas-cat.infd.edu.ar\/sitio\/?page_id=3113"},"modified":"2022-07-08T11:44:26","modified_gmt":"2022-07-08T14:44:26","slug":"orden-de-merito-definitivo","status":"publish","type":"page","link":"https:\/\/iescubas-cat.infd.edu.ar\/sitio\/orden-de-merito-definitivo\/","title":{"rendered":"ORDEN DE MERITO DEFINITIVO"},"content":{"rendered":"\n<div class=\"wp-block-image is-style-default\"><figure class=\"aligncenter size-large is-resized\"><img decoding=\"async\" loading=\"lazy\" src=\"https:\/\/iescubas-cat.infd.edu.ar\/sitio\/wp-content\/uploads\/2022\/07\/ENTREVISTA.png\" alt=\"\" class=\"wp-image-3239\" width=\"1030\" height=\"519\" srcset=\"https:\/\/iescubas-cat.infd.edu.ar\/sitio\/wp-content\/uploads\/2022\/07\/ENTREVISTA.png 822w, https:\/\/iescubas-cat.infd.edu.ar\/sitio\/wp-content\/uploads\/2022\/07\/ENTREVISTA-768x387.png 768w\" sizes=\"(max-width: 1030px) 100vw, 1030px\" \/><\/figure><\/div>\n\n\n\n<div class=\"wp-block-image is-style-default\"><figure class=\"aligncenter size-large\"><img decoding=\"async\" loading=\"lazy\" width=\"1020\" height=\"532\" src=\"https:\/\/iescubas-cat.infd.edu.ar\/sitio\/wp-content\/uploads\/2022\/06\/comunicado-5.png\" alt=\"\" class=\"wp-image-3076\" srcset=\"https:\/\/iescubas-cat.infd.edu.ar\/sitio\/wp-content\/uploads\/2022\/06\/comunicado-5.png 1020w, https:\/\/iescubas-cat.infd.edu.ar\/sitio\/wp-content\/uploads\/2022\/06\/comunicado-5-1000x522.png 1000w, https:\/\/iescubas-cat.infd.edu.ar\/sitio\/wp-content\/uploads\/2022\/06\/comunicado-5-768x401.png 768w\" sizes=\"(max-width: 1020px) 100vw, 1020px\" \/><\/figure><\/div>\n\n\n\n<p class=\"has-text-align-left has-background has-medium-font-size\" style=\"background-color:#b3bac4\"><strong>PROFESORADO EN GEOGRAF\u00cdA<\/strong><\/p>\n\n\n\n<p><a href=\"https:\/\/iescubas-cat.infd.edu.ar\/sitio\/wp-content\/uploads\/2022\/06\/WhatsApp-Image-2022-06-30-at-6.46.32-PM.jpeg\" target=\"_blank\" rel=\"noreferrer noopener\">AGROECOLOG\u00cdA Y ETNOBIOLOG\u00cdA &#8211; APORTE SOBRE HACIA UNA GEOGRAF\u00cdA INTEGRAL &#8211; UDI<\/a><\/p>\n\n\n\n<p><a href=\"https:\/\/iescubas-cat.infd.edu.ar\/sitio\/wp-content\/uploads\/2022\/07\/LOM-lea-Geografia.pdf\" target=\"_blank\" rel=\"noreferrer noopener\">LECTURA Y ESCRITURA ACAD\u00c9MICA<\/a><\/p>\n\n\n\n<p class=\"has-text-align-left has-background has-medium-font-size\" style=\"background-color:#b3bac4\"><strong>PROFESORADO EN EDUCACI\u00d3N PRIMARIA<\/strong><\/p>\n\n\n\n<p><a href=\"https:\/\/iescubas-cat.infd.edu.ar\/sitio\/wp-content\/uploads\/2022\/06\/WhatsApp-Image-2022-06-30-at-6.54.37-PM-1.jpeg\" target=\"_blank\" rel=\"noreferrer noopener\">             DID\u00c1CTICA DE LAS CIENCIAS SOCIALES<\/a><\/p>\n\n\n\n<p><a href=\"https:\/\/iescubas-cat.infd.edu.ar\/sitio\/wp-content\/uploads\/2022\/06\/WhatsApp-Image-2022-06-30-at-6.54.12-PM.jpeg\" target=\"_blank\" rel=\"noreferrer noopener\">             HISTORIA ARGENTINA Y LATINOAMERICANA<\/a><\/p>\n\n\n\n<p><a href=\"https:\/\/iescubas-cat.infd.edu.ar\/sitio\/wp-content\/uploads\/2022\/06\/WhatsApp-Image-2022-06-30-at-7.00.24-PM.jpeg\" target=\"_blank\" rel=\"noreferrer noopener\">             TIC COMO HERRAMIENTA PEDAG\u00d3GICA<\/a><\/p>\n\n\n\n<p><a href=\"https:\/\/iescubas-cat.infd.edu.ar\/sitio\/wp-content\/uploads\/2022\/06\/WhatsApp-Image-2022-06-30-at-6.53.21-PM.jpeg\" target=\"_blank\" rel=\"noreferrer noopener\">             \u00c1REA EST\u00c9TICA EXPRESIVA II PL\u00c1STICA VISUAL<\/a><\/p>\n\n\n\n<p><a href=\"https:\/\/iescubas-cat.infd.edu.ar\/sitio\/wp-content\/uploads\/2022\/06\/WhatsApp-Image-2022-06-30-at-6.55.29-PM.jpeg\" target=\"_blank\" rel=\"noreferrer noopener\">             HISTORIA Y POL\u00cdTICA DE LA EDUCACI\u00d3N ARGENTINA<\/a><\/p>\n\n\n\n<p><a rel=\"noreferrer noopener\" href=\"https:\/\/iescubas-cat.infd.edu.ar\/sitio\/wp-content\/uploads\/2022\/06\/WhatsApp-Image-2022-06-30-at-6.55.04-PM.jpeg\" target=\"_blank\">            \u00c1REA EST\u00c9TICA EXPRESIVA II &#8211; LENGUAJE  MUSICA<\/a>L<\/p>\n\n\n\n<p><a href=\"https:\/\/iescubas-cat.infd.edu.ar\/sitio\/wp-content\/uploads\/2022\/06\/WhatsApp-Image-2022-06-30-at-8.23.32-PM.jpeg\" target=\"_blank\" rel=\"noreferrer noopener\">             \u00c1REA EST\u00c9TICA EXPRESIVA: EXPRESI\u00d3N CORPORAL<\/a><\/p>\n\n\n\n<p><a href=\"https:\/\/iescubas-cat.infd.edu.ar\/sitio\/wp-content\/uploads\/2022\/06\/WhatsApp-Image-2022-06-30-at-9.08.28-PM.jpeg\" target=\"_blank\" rel=\"noreferrer noopener\">             FILOSOF\u00cdA DE LA EDUCACI\u00d3N<\/a><\/p>\n\n\n\n<p><a rel=\"noreferrer noopener\" href=\"https:\/\/iescubas-cat.infd.edu.ar\/sitio\/wp-content\/uploads\/2022\/06\/WhatsApp-Image-2022-06-30-at-6.53.45-PM.jpeg\" target=\"_blank\">             \u00c1REA EST\u00c9TICA EXPRESIVA I<\/a><a href=\"https:\/\/iescubas-cat.infd.edu.ar\/sitio\/wp-content\/uploads\/2022\/06\/WhatsApp-Image-2022-06-30-at-6.53.45-PM.jpeg\" target=\"_blank\" rel=\"noreferrer noopener\">I<\/a><a rel=\"noreferrer noopener\" href=\"https:\/\/iescubas-cat.infd.edu.ar\/sitio\/wp-content\/uploads\/2022\/06\/WhatsApp-Image-2022-06-30-at-6.53.45-PM.jpeg\" target=\"_blank\">: TEATRO<\/a><\/p>\n\n\n\n<p><a href=\"https:\/\/iescubas-cat.infd.edu.ar\/sitio\/wp-content\/uploads\/2022\/06\/WhatsApp-Image-2022-06-30-at-9.09.56-PM.jpeg\" target=\"_blank\" rel=\"noreferrer noopener\">             FORMACI\u00d3N \u00c9TICA Y CIUDADANA<\/a><\/p>\n\n\n\n<p><a href=\"https:\/\/iescubas-cat.infd.edu.ar\/sitio\/wp-content\/uploads\/2022\/06\/WhatsApp-Image-2022-06-30-at-7.04.47-PM.jpeg\" target=\"_blank\" rel=\"noreferrer noopener\">             PR\u00c1CTICAS DE ENSE\u00d1ANZA<\/a><\/p>\n\n\n\n<p><a href=\"https:\/\/iescubas-cat.infd.edu.ar\/sitio\/wp-content\/uploads\/2022\/06\/WhatsApp-Image-2022-06-30-at-7.06.30-PM.jpeg\" target=\"_blank\" rel=\"noreferrer noopener\">             RESIDENCIA DOCENTE :CIENCIAS NATURALES<\/a><\/p>\n\n\n\n<p>             RESIDENCIA DOCENTE :CIENCIAS SOCIALES &#8211; DESIERTA<\/p>\n\n\n\n<p><a href=\"https:\/\/iescubas-cat.infd.edu.ar\/sitio\/wp-content\/uploads\/2022\/06\/WhatsApp-Image-2022-06-30-at-7.01.29-PM-1.jpeg\" target=\"_blank\" rel=\"noreferrer noopener\">            RESIDENCIA DOCENTE :MATEM\u00c1TICA<\/a><\/p>\n\n\n\n<p>            RESIDENCIA DOCENTE: LENGUA Y LITERATURA &#8211; DESIERTA<\/p>\n\n\n\n<p><a href=\"https:\/\/iescubas-cat.infd.edu.ar\/sitio\/wp-content\/uploads\/2022\/06\/WhatsApp-Image-2022-06-30-at-7.00.00-PM.jpeg\" target=\"_blank\" rel=\"noreferrer noopener\">            EDUCACI\u00d3N SEXUAL INTEGRAL<\/a><\/p>\n\n\n\n<p><a href=\"https:\/\/iescubas-cat.infd.edu.ar\/sitio\/wp-content\/uploads\/2022\/06\/WhatsApp-Image-2022-06-30-at-6.59.34-PM.jpeg\" target=\"_blank\" rel=\"noreferrer noopener\">           CIENCIAS NATURALES<\/a><\/p>\n\n\n\n<p><a href=\"https:\/\/iescubas-cat.infd.edu.ar\/sitio\/wp-content\/uploads\/2022\/06\/WhatsApp-Image-2022-06-30-at-6.55.54-PM.jpeg\" target=\"_blank\" rel=\"noreferrer noopener\">           PROBLEM\u00c1TICAS CONTEMPOR\u00c1NEAS DE LA EDUCACI\u00d3N PRIMARIA<\/a><\/p>\n\n\n\n<p><a href=\"https:\/\/iescubas-cat.infd.edu.ar\/sitio\/wp-content\/uploads\/2022\/06\/WhatsApp-Image-2022-06-30-at-7.05.16-PM.jpeg\" target=\"_blank\" rel=\"noreferrer noopener\">          UDI &#8211;  APRENDIZAJE EN CONTEXTOS RURALES &#8211; 2 A\u00d1O<\/a><\/p>\n\n\n\n<p><a rel=\"noreferrer noopener\" href=\"https:\/\/iescubas-cat.infd.edu.ar\/sitio\/wp-content\/uploads\/2022\/06\/WhatsApp-Image-2022-06-30-at-7.05.38-PM.jpeg\" target=\"_blank\">          UDI &#8211;  ENSE\u00d1ANZA EN CONTEXTOS RURALES &#8211; 3 A\u00d1O<\/a><\/p>\n\n\n\n<p><a href=\"https:\/\/iescubas-cat.infd.edu.ar\/sitio\/wp-content\/uploads\/2022\/06\/WhatsApp-Image-2022-06-30-at-7.06.03-PM.jpeg\" target=\"_blank\" rel=\"noreferrer noopener\">          UDI  &#8211; TRABAJO DE CAMPO Y PRACTICA EN RURALIDAD -4 A\u00d1O<\/a><\/p>\n\n\n\n<p><\/p>\n\n\n\n<p class=\"has-text-align-left has-background has-medium-font-size\" style=\"background-color:#b3bac4\"><strong>PROFESORADO EN EDUCACI\u00d3N INICIAL<\/strong><\/p>\n\n\n\n<p><a rel=\"noreferrer noopener\" href=\"https:\/\/iescubas-cat.infd.edu.ar\/sitio\/wp-content\/uploads\/2022\/06\/WhatsApp-Image-2022-06-30-at-7.07.21-PM.jpeg\" target=\"_blank\">CIENCIAS SOCIALES Y SU DID\u00c1CTICA<\/a><\/p>\n\n\n\n<p><a href=\"https:\/\/iescubas-cat.infd.edu.ar\/sitio\/wp-content\/uploads\/2022\/07\/WhatsApp-Image-2022-07-01-at-10.42.01-AM.jpeg\" target=\"_blank\" rel=\"noreferrer noopener\">CIENCIAS NATURALES Y SU DID\u00c1CTICA<\/a><\/p>\n\n\n\n<p><a href=\"https:\/\/iescubas-cat.infd.edu.ar\/sitio\/wp-content\/uploads\/2022\/06\/WhatsApp-Image-2022-06-30-at-7.22.27-PM.jpeg\" target=\"_blank\" rel=\"noreferrer noopener\">ALFABETIZACI\u00d3N EN EL NIVEL INICIAL<\/a><\/p>\n\n\n\n<p><a href=\"https:\/\/iescubas-cat.infd.edu.ar\/sitio\/wp-content\/uploads\/2022\/06\/WhatsApp-Image-2022-06-30-at-7.28.58-PM.jpeg\" target=\"_blank\" rel=\"noreferrer noopener\">MATEM\u00c1TICA Y SU DID\u00c1CTICA<\/a><\/p>\n\n\n\n<p><a href=\"https:\/\/iescubas-cat.infd.edu.ar\/sitio\/wp-content\/uploads\/2022\/07\/WhatsApp-Image-2022-06-30-at-9.10.58-PM-1.jpeg\" target=\"_blank\" rel=\"noreferrer noopener\">TIC COMO HERRAMIENTA PEDAG\u00d3GICA<\/a><\/p>\n\n\n\n<p><a href=\"https:\/\/iescubas-cat.infd.edu.ar\/sitio\/wp-content\/uploads\/2022\/06\/WhatsApp-Image-2022-06-30-at-7.21.44-PM.jpeg\" target=\"_blank\" rel=\"noreferrer noopener\">LITERATURA INFANTIL<\/a><\/p>\n\n\n\n<p><a href=\"https:\/\/iescubas-cat.infd.edu.ar\/sitio\/wp-content\/uploads\/2022\/06\/WhatsApp-Image-2022-06-30-at-8.23.53-PM.jpeg\" target=\"_blank\" rel=\"noreferrer noopener\">EDUCACI\u00d3N F\u00cdSICA PARA LA PRIMERA INFANCIA<\/a><\/p>\n\n\n\n<p><a href=\"https:\/\/iescubas-cat.infd.edu.ar\/sitio\/wp-content\/uploads\/2022\/07\/expresion-inicial.png\" target=\"_blank\" rel=\"noreferrer noopener\">\u00c1REA EST\u00c9TICA EXPRESIVA III: EXPRESI\u00d3N CORPORAL<\/a><\/p>\n\n\n\n<p><a href=\"https:\/\/iescubas-cat.infd.edu.ar\/sitio\/wp-content\/uploads\/2022\/06\/WhatsApp-Image-2022-06-30-at-9.08.59-PM.jpeg\" target=\"_blank\" rel=\"noreferrer noopener\">FILOSOF\u00cdA DE LA EDUCACI\u00d3N<\/a><\/p>\n\n\n\n<p><a href=\"https:\/\/iescubas-cat.infd.edu.ar\/sitio\/wp-content\/uploads\/2022\/06\/WhatsApp-Image-2022-06-30-at-9.10.23-PM.jpeg\" target=\"_blank\" rel=\"noreferrer noopener\">FORMACI\u00d3N \u00c9TICA Y CIUDADANA<\/a><\/p>\n\n\n\n<p><a href=\"https:\/\/iescubas-cat.infd.edu.ar\/sitio\/wp-content\/uploads\/2022\/06\/WhatsApp-Image-2022-06-30-at-7.22.49-PM.jpeg\" target=\"_blank\" rel=\"noreferrer noopener\">CUIDADO DE LA SALUD Y ESI<\/a><\/p>\n\n\n\n<p><a href=\"https:\/\/iescubas-cat.infd.edu.ar\/sitio\/wp-content\/uploads\/2022\/06\/WhatsApp-Image-2022-06-30-at-7.27.54-PM.jpeg\" target=\"_blank\" rel=\"noreferrer noopener\">DID\u00c1CTICA DE LA EDUCACI\u00d3N MATERNAL<\/a><\/p>\n\n\n\n<p><a href=\"https:\/\/iescubas-cat.infd.edu.ar\/sitio\/wp-content\/uploads\/2022\/06\/WhatsApp-Image-2022-06-30-at-7.26.11-PM.jpeg\" target=\"_blank\" rel=\"noreferrer noopener\">DID\u00c1CTICA GENERAL<\/a><\/p>\n\n\n\n<p><a href=\"https:\/\/iescubas-cat.infd.edu.ar\/sitio\/wp-content\/uploads\/2022\/06\/WhatsApp-Image-2022-06-30-at-7.28.33-PM.jpeg\" target=\"_blank\" rel=\"noreferrer noopener\">SUJETO DE LA EDUCACI\u00d3N INICIAL<\/a><\/p>\n\n\n\n<p><a href=\"https:\/\/iescubas-cat.infd.edu.ar\/sitio\/wp-content\/uploads\/2022\/06\/WhatsApp-Image-2022-06-30-at-7.25.45-PM.jpeg\" target=\"_blank\" rel=\"noreferrer noopener\">RESIDENCIA DOCENTE &#8211; ESPEC\u00cdFICA<\/a><\/p>\n\n\n\n<p><a href=\"https:\/\/iescubas-cat.infd.edu.ar\/sitio\/wp-content\/uploads\/2022\/06\/WhatsApp-Image-2022-06-30-at-7.25.18-PM.jpeg\" target=\"_blank\" rel=\"noreferrer noopener\">RESIDENCIA DOCENTE GENERALISTA<\/a><\/p>\n\n\n\n<p><a href=\"https:\/\/iescubas-cat.infd.edu.ar\/sitio\/wp-content\/uploads\/2022\/06\/WhatsApp-Image-2022-06-30-at-7.06.57-PM.jpeg\" target=\"_blank\" rel=\"noreferrer noopener\">PR\u00c1CTICA DE LA ENSE\u00d1ANZA<\/a><\/p>\n\n\n\n<p><a href=\"https:\/\/iescubas-cat.infd.edu.ar\/sitio\/wp-content\/uploads\/2022\/06\/WhatsApp-Image-2022-06-30-at-7.07.54-PM.jpeg\" target=\"_blank\" rel=\"noreferrer noopener\">SOCIOLOG\u00cdA DE LA EDUCACI\u00d3N<\/a><\/p>\n\n\n\n<p><a href=\"https:\/\/iescubas-cat.infd.edu.ar\/sitio\/wp-content\/uploads\/2022\/06\/WhatsApp-Image-2022-06-30-at-6.56.19-PM.jpeg\" target=\"_blank\" rel=\"noreferrer noopener\">PROBLEM\u00c1TICAS CONTEMPOR\u00c1NEAS DE LA EDUCACI\u00d3N INICIAL<\/a><\/p>\n\n\n\n<p><a href=\"https:\/\/iescubas-cat.infd.edu.ar\/sitio\/wp-content\/uploads\/2022\/06\/WhatsApp-Image-2022-06-30-at-7.27.05-PM.jpeg\" target=\"_blank\" rel=\"noreferrer noopener\">ENSE\u00d1ANZA EN PLURISALA EN CONTEXTO RURAL &#8211; 4 A\u00d1O<\/a><\/p>\n\n\n\n<p><a href=\"https:\/\/iescubas-cat.infd.edu.ar\/sitio\/wp-content\/uploads\/2022\/06\/WhatsApp-Image-2022-06-30-at-7.26.36-PM.jpeg\" target=\"_blank\" rel=\"noreferrer noopener\">UDI: TRABAJO DE CAMPO Y PRACTICA DOCENTE EN CONTEXTOS RURALES &#8211; 4 A\u00d1O<\/a><\/p>\n\n\n\n<p><a href=\"ENSE\u00d1ANZA EN CONTEXTOS RURALES - 3 A\u00d1O\" target=\"_blank\" rel=\"noreferrer noopener\">UDI: ENSE\u00d1ANZA EN CONTEXTOS <\/a><a href=\"https:\/\/iescubas-cat.infd.edu.ar\/sitio\/wp-content\/uploads\/2022\/06\/WhatsApp-Image-2022-06-30-at-7.27.27-PM.jpeg\" target=\"_blank\" rel=\"noreferrer noopener\">RURALES <\/a><a href=\"ENSE\u00d1ANZA EN CONTEXTOS RURALES - 3 A\u00d1O\" target=\"_blank\" rel=\"noreferrer noopener\">&#8211; 3 A\u00d1O<\/a><\/p>\n\n\n\n<p class=\"has-text-align-left has-background has-medium-font-size\" style=\"background-color:#b3bac4\"><strong>PROFESORADO EN EDUCACI\u00d3N <strong>SUPERIOR EN CIENCIAS DE LA EDUCACI\u00d3N<\/strong><\/strong><\/p>\n\n\n\n<p><a href=\"https:\/\/iescubas-cat.infd.edu.ar\/sitio\/wp-content\/uploads\/2022\/06\/WhatsApp-Image-2022-06-30-at-6.52.17-PM.jpeg\" target=\"_blank\" rel=\"noreferrer noopener\">MODELOS Y MODALIDADES EDUCATIVAS<\/a><\/p>\n\n\n\n<p><a href=\"https:\/\/iescubas-cat.infd.edu.ar\/sitio\/wp-content\/uploads\/2022\/06\/WhatsApp-Image-2022-06-30-at-6.52.41-PM.jpeg\" target=\"_blank\" rel=\"noreferrer noopener\">LECTURA Y ESCRITURA ACAD\u00c9MICA<\/a><\/p>\n\n\n\n<p class=\"has-text-align-left has-background has-medium-font-size\" style=\"background-color:#b3bac4\"><strong><strong>TECNICATURA SUP. ENFERMER\u00cdA<\/strong><\/strong><\/p>\n\n\n\n<p><a href=\"https:\/\/iescubas-cat.infd.edu.ar\/sitio\/wp-content\/uploads\/2022\/06\/WhatsApp-Image-2022-06-30-at-6.47.01-PM-1.jpeg\" target=\"_blank\" rel=\"noreferrer noopener\">CUIDADOS EN ENFERMER\u00cdA CL\u00cdNICA Y QUIR\u00daRGICA &#8211; DESIERTA<\/a><\/p>\n\n\n\n<p><a href=\"https:\/\/iescubas-cat.infd.edu.ar\/sitio\/wp-content\/uploads\/2022\/06\/WhatsApp-Image-2022-06-30-at-6.48.43-PM.jpeg\" target=\"_blank\" rel=\"noreferrer noopener\">ENFERMER\u00cdA Y CL\u00cdNICA M\u00c9DICA<\/a><\/p>\n\n\n\n<p><a href=\"https:\/\/iescubas-cat.infd.edu.ar\/sitio\/wp-content\/uploads\/2022\/06\/WhatsApp-Image-2022-06-30-at-6.49.09-PM.jpeg\" target=\"_blank\" rel=\"noreferrer noopener\">LECTURA Y ESCRITURA ACAD\u00c9MICA<\/a><\/p>\n\n\n\n<p><a href=\"https:\/\/iescubas-cat.infd.edu.ar\/sitio\/wp-content\/uploads\/2022\/07\/WhatsApp-Image-2022-07-07-at-11.19.45-PM.jpeg\" target=\"_blank\" rel=\"noreferrer noopener\">NUTRICI\u00d3N<\/a><\/p>\n\n\n\n<p class=\"has-text-align-left has-background has-medium-font-size\" style=\"background-color:#b3bac4\"><strong><strong><strong>TECNICATURA SUP. LAB. DE AN\u00c1LISIS CL\u00cdNICOS<\/strong><\/strong><\/strong><\/p>\n\n\n\n<p><a href=\"https:\/\/iescubas-cat.infd.edu.ar\/sitio\/wp-content\/uploads\/2022\/06\/WhatsApp-Image-2022-06-30-at-6.43.13-PM.jpeg\" target=\"_blank\" rel=\"noreferrer noopener\">PRACTICA DE BIOQU\u00cdMICA CL\u00cdNICA<\/a><\/p>\n\n\n\n<p class=\"has-text-align-left has-background has-medium-font-size\" style=\"background-color:#b3bac4\"><strong><strong><strong><strong>TECNICATURA SUP. EN RADIOLOG\u00cdA<\/strong><\/strong><\/strong><\/strong><\/p>\n\n\n\n<p><a href=\"https:\/\/iescubas-cat.infd.edu.ar\/sitio\/wp-content\/uploads\/2022\/06\/WhatsApp-Image-2022-06-30-at-6.45.10-PM.jpeg\" target=\"_blank\" rel=\"noreferrer noopener\">ECOGRAF\u00cdA Y MAMOGRAF\u00cdA<\/a><\/p>\n","protected":false},"excerpt":{"rendered":"<p>PROFESORADO EN GEOGRAF\u00cdA AGROECOLOG\u00cdA Y ETNOBIOLOG\u00cdA &#8211; APORTE SOBRE HACIA UNA GEOGRAF\u00cdA INTEGRAL &#8211; UDI LECTURA Y ESCRITURA ACAD\u00c9MICA PROFESORADO EN EDUCACI\u00d3N PRIMARIA DID\u00c1CTICA DE LAS CIENCIAS SOCIALES HISTORIA ARGENTINA Y LATINOAMERICANA TIC COMO HERRAMIENTA PEDAG\u00d3GICA \u00c1REA EST\u00c9TICA EXPRESIVA II PL\u00c1STICA VISUAL HISTORIA Y POL\u00cdTICA DE LA EDUCACI\u00d3N ARGENTINA \u00c1REA EST\u00c9TICA EXPRESIVA II &#8211; LENGUAJE &#8230; <a title=\"ORDEN DE MERITO DEFINITIVO\" class=\"read-more\" href=\"https:\/\/iescubas-cat.infd.edu.ar\/sitio\/orden-de-merito-definitivo\/\" aria-label=\"More on ORDEN DE MERITO DEFINITIVO\">[+]<\/a><\/p>\n","protected":false},"author":238,"featured_media":0,"parent":0,"menu_order":0,"comment_status":"closed","ping_status":"closed","template":"","meta":[],"acf":[],"_links":{"self":[{"href":"https:\/\/iescubas-cat.infd.edu.ar\/sitio\/wp-json\/wp\/v2\/pages\/3113"}],"collection":[{"href":"https:\/\/iescubas-cat.infd.edu.ar\/sitio\/wp-json\/wp\/v2\/pages"}],"about":[{"href":"https:\/\/iescubas-cat.infd.edu.ar\/sitio\/wp-json\/wp\/v2\/types\/page"}],"author":[{"embeddable":true,"href":"https:\/\/iescubas-cat.infd.edu.ar\/sitio\/wp-json\/wp\/v2\/users\/238"}],"replies":[{"embeddable":true,"href":"https:\/\/iescubas-cat.infd.edu.ar\/sitio\/wp-json\/wp\/v2\/comments?post=3113"}],"version-history":[{"count":32,"href":"https:\/\/iescubas-cat.infd.edu.ar\/sitio\/wp-json\/wp\/v2\/pages\/3113\/revisions"}],"predecessor-version":[{"id":3244,"href":"https:\/\/iescubas-cat.infd.edu.ar\/sitio\/wp-json\/wp\/v2\/pages\/3113\/revisions\/3244"}],"wp:attachment":[{"href":"https:\/\/iescubas-cat.infd.edu.ar\/sitio\/wp-json\/wp\/v2\/media?parent=3113"}],"curies":[{"name":"wp","href":"https:\/\/api.w.org\/{rel}","templated":true}]}}