{"id":6148,"date":"2024-04-21T15:46:35","date_gmt":"2024-04-21T18:46:35","guid":{"rendered":"https:\/\/iescubas-cat.infd.edu.ar\/sitio\/?page_id=6148"},"modified":"2024-05-02T08:36:08","modified_gmt":"2024-05-02T11:36:08","slug":"concurso-2024","status":"publish","type":"page","link":"https:\/\/iescubas-cat.infd.edu.ar\/sitio\/concurso-2024\/","title":{"rendered":"CONCURSO\/2024"},"content":{"rendered":"<div class=\"wp-block-image\">\n<figure class=\"aligncenter size-full\"><img decoding=\"async\" loading=\"lazy\" width=\"692\" height=\"198\" src=\"https:\/\/iescubas-cat.infd.edu.ar\/sitio\/wp-content\/uploads\/2024\/04\/LOM-DEFINITIVO-2.png\" alt=\"\" class=\"wp-image-6275\"\/><\/figure><\/div>\n\n<div class=\"wp-block-image\">\n<figure class=\"aligncenter size-full is-resized\"><img decoding=\"async\" loading=\"lazy\" src=\"https:\/\/iescubas-cat.infd.edu.ar\/sitio\/wp-content\/uploads\/2024\/04\/COMUNICADO.png\" alt=\"\" class=\"wp-image-6347\" width=\"491\" height=\"609\" srcset=\"https:\/\/iescubas-cat.infd.edu.ar\/sitio\/wp-content\/uploads\/2024\/04\/COMUNICADO.png 1158w, https:\/\/iescubas-cat.infd.edu.ar\/sitio\/wp-content\/uploads\/2024\/04\/COMUNICADO-806x1000.png 806w, https:\/\/iescubas-cat.infd.edu.ar\/sitio\/wp-content\/uploads\/2024\/04\/COMUNICADO-768x953.png 768w\" sizes=\"(max-width: 491px) 100vw, 491px\" \/><\/figure><\/div>\n\n\n<p><\/p>\n\n\n\n<p class=\"has-text-align-center has-base-3-color has-midnight-gradient-background has-text-color has-background has-medium-font-size\"><strong>PROFESORADO DE NIVEL INICIAL<\/strong><\/p>\n\n\n\n<p><a href=\"https:\/\/iescubas-cat.infd.edu.ar\/sitio\/wp-content\/uploads\/2024\/04\/INSTITUCIONES-EDUCATIVAS.pdf\" target=\"_blank\" rel=\"noreferrer noopener\">INSTITUCIONES EDUCATIVAS EN CONTEXTOS COMUNITARIOS<\/a><\/p>\n\n\n\n<p class=\"has-text-align-center has-base-3-color has-midnight-gradient-background has-text-color has-background has-medium-font-size\"><strong>PROFESORADO DE TECNOLOGIA<\/strong><\/p>\n\n\n\n<p class=\"has-text-align-left\"><a href=\"https:\/\/iescubas-cat.infd.edu.ar\/sitio\/wp-content\/uploads\/2024\/04\/FISICA-I.pdf\" target=\"_blank\" rel=\"noreferrer noopener\">F\u00cdSICA I<\/a><\/p>\n\n\n\n<p><a href=\"https:\/\/iescubas-cat.infd.edu.ar\/sitio\/wp-content\/uploads\/2024\/04\/SISTEMA-DE-REPRESENTACION.pdf\" target=\"_blank\" rel=\"noreferrer noopener\">SISTEMA DE REPRESENTACI\u00d3N<\/a><\/p>\n\n\n\n<p class=\"has-text-align-center has-base-3-color has-midnight-gradient-background has-text-color has-background has-medium-font-size\"><strong>PROFESORADO EN GEOGRAFIA<\/strong><\/p>\n\n\n\n<p class=\"has-text-align-left\"><a href=\"https:\/\/iescubas-cat.infd.edu.ar\/sitio\/wp-content\/uploads\/2024\/04\/PRACTICA-Y-RESIDENCIA.pdf\" target=\"_blank\" rel=\"noreferrer noopener\">PR\u00c1CTICA DOCENTE Y RESIDENCIA<\/a><\/p>\n\n\n\n<p class=\"has-text-align-center has-base-3-color has-midnight-gradient-background has-text-color has-background has-medium-font-size\"><strong><strong>TEC. SUP. EN AN\u00c1LISIS CL\u00cdNICOS<\/strong><\/strong><\/p>\n\n\n\n<p><a href=\"https:\/\/iescubas-cat.infd.edu.ar\/sitio\/wp-content\/uploads\/2024\/05\/FUNDAMENTO-BASICO-L.pdf\" target=\"_blank\" rel=\"noreferrer noopener\">FUNDAMENTOS B\u00c1SICOS DE LABORATORIO<\/a><\/p>\n\n\n\n<p class=\"has-text-align-center\"><\/p>\n\n\n\n<p class=\"has-text-align-center has-base-3-color has-midnight-gradient-background has-text-color has-background has-medium-font-size\"><strong><strong><strong>TEC. SUP EN ENFERMER\u00cdA<\/strong><\/strong><\/strong><\/p>\n\n\n\n<p><a href=\"https:\/\/iescubas-cat.infd.edu.ar\/sitio\/wp-content\/uploads\/2024\/04\/BIOESTADISTICA.pdf\" target=\"_blank\" rel=\"noreferrer noopener\">BIOESTAD\u00cdSTICA<\/a><\/p>\n\n\n\n<p><a href=\"https:\/\/iescubas-cat.infd.edu.ar\/sitio\/wp-content\/uploads\/2024\/04\/CUIDADOS-EN-ENFERMERIA-Y-CLINICA.pdf\" target=\"_blank\" rel=\"noreferrer noopener\">CUIDADOS EN ENFERMER\u00cdA CL\u00cdNICA Y QUIR\u00daRGICA<\/a><\/p>\n\n\n\n<p><a href=\"https:\/\/iescubas-cat.infd.edu.ar\/sitio\/wp-content\/uploads\/2024\/04\/DIETOTERAPIA-1.pdf\" target=\"_blank\" rel=\"noreferrer noopener\">DIETOTERAPIA<\/a><\/p>\n\n\n\n<p><a href=\"https:\/\/iescubas-cat.infd.edu.ar\/sitio\/wp-content\/uploads\/2024\/04\/ENFERMERIA-Y-CLINICA-MEDICA.pdf\" target=\"_blank\" rel=\"noreferrer noopener\">ENFERMER\u00cdA Y CL\u00cdNICA M\u00c9DICA<\/a><\/p>\n\n\n\n<p><a href=\"https:\/\/iescubas-cat.infd.edu.ar\/sitio\/wp-content\/uploads\/2024\/04\/FARMACOLOGIA-II-2.pdf\" target=\"_blank\" rel=\"noreferrer noopener\">FARMACOLOG\u00cdA II&nbsp;<\/a><\/p>\n\n\n\n<p><a href=\"https:\/\/iescubas-cat.infd.edu.ar\/sitio\/wp-content\/uploads\/2024\/04\/HISTORIA-DE-LA-ENFERMERIA-1.pdf\" target=\"_blank\" rel=\"noreferrer noopener\">HISTORIA DE LA ENFERMER\u00cdA<\/a><\/p>\n\n\n\n<p><a href=\"https:\/\/iescubas-cat.infd.edu.ar\/sitio\/wp-content\/uploads\/2024\/04\/PRACTICA-HOSPITALARIA-MEDICA-Y-ENFERMERIA-Q-1.pdf\" target=\"_blank\" rel=\"noreferrer noopener\">PR\u00c1CTICA HOSPITALARIA M\u00c9DICA Y ENFERMER\u00cdA QUIR\u00daRGICA&nbsp;<\/a><\/p>\n\n\n\n<p><a href=\"https:\/\/iescubas-cat.infd.edu.ar\/sitio\/wp-content\/uploads\/2024\/04\/QUIMICA-Y-BIOQUIMICA-I.pdf\" target=\"_blank\" rel=\"noreferrer noopener\">QU\u00cdMICA Y BIOQU\u00cdMICA SECCION I<\/a><\/p>\n\n\n\n<p><a href=\"https:\/\/iescubas-cat.infd.edu.ar\/sitio\/wp-content\/uploads\/2024\/04\/QUIMICA-Y-BIOQUIMICA-II.pdf\" target=\"_blank\" rel=\"noreferrer noopener\">QU\u00cdMICA Y BIOQU\u00cdMICA SECCION II<\/a><\/p>\n\n\n\n<p><a href=\"https:\/\/iescubas-cat.infd.edu.ar\/sitio\/wp-content\/uploads\/2024\/04\/SALUD-MENTALC.pdf\" target=\"_blank\" rel=\"noreferrer noopener\">SALUD MENTAL<\/a><\/p>\n\n\n\n<p><a href=\"https:\/\/iescubas-cat.infd.edu.ar\/sitio\/wp-content\/uploads\/2024\/04\/SEMINARIO-ETICA-Y-DEONTOLOGIA.pdf\" target=\"_blank\" rel=\"noreferrer noopener\">SEMINARIO: \u00c9TICA Y DEONTOLOG\u00cdA<\/a><\/p>\n\n\n\n<p class=\"has-text-align-center has-base-3-color has-midnight-gradient-background has-text-color has-background has-medium-font-size\"><strong><strong><strong><strong>TEC. SUP.EN AGENTE SANITARIO Y PROMOCION COMUNITARIA DE LA SALUD<\/strong><\/strong><\/strong>ANTROPOLOG\u00cdA SOCIO CULTURAL<\/strong><\/p>\n\n\n\n<p><a href=\"https:\/\/iescubas-cat.infd.edu.ar\/sitio\/wp-content\/uploads\/2024\/04\/ANTROPOLOGIA-SOCIO-CULTURAL.pdf\" target=\"_blank\" rel=\"noreferrer noopener\">ANTROPOLOGIA SOCIO CULTURAL<\/a><\/p>\n\n\n\n<p><a href=\"https:\/\/iescubas-cat.infd.edu.ar\/sitio\/wp-content\/uploads\/2024\/04\/COMUNICACION-COMUNITARIA.pdf\" target=\"_blank\" rel=\"noreferrer noopener\">COMUNICACI\u00d3N COMUNITARIA &#8211; <\/a><\/p>\n\n\n\n<p><a href=\"https:\/\/iescubas-cat.infd.edu.ar\/sitio\/wp-content\/uploads\/2024\/04\/INTRODUCCION-A-LA-EPIDEMIOLOGIA.pdf\" target=\"_blank\" rel=\"noreferrer noopener\">INTRODUCCI\u00d3N A LA EPIDEMIOLOG\u00cdA<\/a><\/p>\n\n\n\n<p><a href=\"https:\/\/iescubas-cat.infd.edu.ar\/sitio\/wp-content\/uploads\/2024\/04\/INTRODUCCION-A-LA-SALUD-PUBLICA.pdf\" target=\"_blank\" rel=\"noreferrer noopener\">INTRODUCCI\u00d3N A LA SALUD P\u00daBLICA<\/a><\/p>\n\n\n\n<p><a href=\"https:\/\/iescubas-cat.infd.edu.ar\/sitio\/wp-content\/uploads\/2024\/04\/POLITICAS-PUBLICAS-Y-SALUD.pdf\" target=\"_blank\" rel=\"noreferrer noopener\">POL\u00cdTICAS P\u00daBLICAS Y SALUD<\/a><\/p>\n\n\n\n<p><a href=\"https:\/\/iescubas-cat.infd.edu.ar\/sitio\/wp-content\/uploads\/2024\/04\/PRACTICA-LABORAL.pdf\" target=\"_blank\" rel=\"noreferrer noopener\">PR\u00c1CTICA LABORAL RECONOCIMIENTO DE LA ORGANIZACI\u00d3N DEL SISTEMA P\u00daBLICO DE SALUD<\/a><\/p>\n\n\n\n<p><a rel=\"noreferrer noopener\" href=\"https:\/\/iescubas-cat.infd.edu.ar\/sitio\/wp-content\/uploads\/2024\/04\/PRIMEROS-AUXILIOS.pdf\" target=\"_blank\">PRIMEROS AUXILIOS Y PR\u00c1CTICAS DE EMERGENCIA<\/a><\/p>\n\n\n\n<p><a rel=\"noreferrer noopener\" href=\"https:\/\/iescubas-cat.infd.edu.ar\/sitio\/wp-content\/uploads\/2024\/04\/PROBLEMATICA-SOCIOCULTURAL.pdf\" target=\"_blank\">PROBLEM\u00c1TICAS SOCIOCULTURALES &#8211; <\/a><\/p>\n\n\n\n<div class=\"wp-block-columns is-layout-flex wp-container-4\">\n<div class=\"wp-block-column is-layout-flow\">\n<figure class=\"wp-block-image size-full\"><img decoding=\"async\" loading=\"lazy\" width=\"381\" height=\"225\" src=\"https:\/\/iescubas-cat.infd.edu.ar\/sitio\/wp-content\/uploads\/2024\/04\/CONCURSO-23.png\" alt=\"\" class=\"wp-image-6180\"\/><\/figure>\n\n\n\n<p><a href=\"https:\/\/iescubas-cat.infd.edu.ar\/sitio\/1oer-concurso\/\" target=\"_blank\" rel=\"noreferrer noopener\">PRIMER\/23<\/a><\/p>\n\n\n\n<p><a href=\"https:\/\/iescubas-cat.infd.edu.ar\/sitio\/lom-definitivos\/\" target=\"_blank\" rel=\"noreferrer noopener\">SEGUNDO\/23<\/a><\/p>\n\n\n\n<p><a href=\"https:\/\/iescubas-cat.infd.edu.ar\/sitio\/3-er-2023-lom-definitivos\/\" target=\"_blank\" rel=\"noreferrer noopener\">TERCERO\/23<\/a><\/p>\n\n\n\n<p><a href=\"https:\/\/iescubas-cat.infd.edu.ar\/sitio\/4-lom-definitivo\/\" target=\"_blank\" rel=\"noreferrer noopener\">CUARTO\/23<\/a><\/p>\n<\/div>\n\n\n\n<div class=\"wp-block-column is-layout-flow\"><\/div>\n\n\n\n<div class=\"wp-block-column is-layout-flow\">\n<figure class=\"wp-block-image size-full\"><img decoding=\"async\" loading=\"lazy\" width=\"386\" height=\"232\" src=\"https:\/\/iescubas-cat.infd.edu.ar\/sitio\/wp-content\/uploads\/2024\/04\/CONCURSO-22.png\" alt=\"\" class=\"wp-image-6179\"\/><\/figure>\n\n\n\n<p>PRIMER\/22<\/p>\n\n\n\n<p><a href=\"https:\/\/iescubas-cat.infd.edu.ar\/sitio\/orden-de-merito-definitivo\/\" target=\"_blank\" rel=\"noreferrer noopener\">SEGUNDO\/22<\/a><\/p>\n\n\n\n<p><a href=\"https:\/\/iescubas-cat.infd.edu.ar\/sitio\/3-er-concurso-de-cobertura-2022\/\" target=\"_blank\" rel=\"noreferrer noopener\">TERCERO\/22<\/a><\/p>\n\n\n\n<p><a href=\"https:\/\/iescubas-cat.infd.edu.ar\/sitio\/4-concurso-2022-definitivo\/\" data-type=\"URL\" data-id=\"https:\/\/iescubas-cat.infd.edu.ar\/sitio\/4-concurso-2022-definitivo\/\" target=\"_blank\" rel=\"noreferrer noopener\">CUARTO\/22<\/a><\/p>\n\n\n\n<p><a href=\"https:\/\/iescubas-cat.infd.edu.ar\/sitio\/orden-definitivo-5-concurso\/\" target=\"_blank\" rel=\"noreferrer noopener\">QUINTO\/22<\/a><\/p>\n<\/div>\n<\/div>\n\n\n\n<div class=\"wp-block-columns is-layout-flex wp-container-8\">\n<div class=\"wp-block-column is-layout-flow\">\n<figure class=\"wp-block-image size-full is-resized\"><a href=\"https:\/\/iescubas-cat.infd.edu.ar\/sitio\/wp-content\/uploads\/2023\/11\/JEFATURA-DE-GRADO-LOM-DEF.pdf\" target=\"_blank\" rel=\"noreferrer noopener\"><img decoding=\"async\" loading=\"lazy\" src=\"https:\/\/iescubas-cat.infd.edu.ar\/sitio\/wp-content\/uploads\/2023\/11\/LOM-DEFINITIVO.png\" alt=\"\" class=\"wp-image-5977\" width=\"311\" height=\"157\"\/><\/a><\/figure>\n<\/div>\n\n\n\n<div class=\"wp-block-column is-layout-flow\"><\/div>\n\n\n\n<div class=\"wp-block-column is-layout-flow\">\n<figure class=\"wp-block-image size-full is-resized\"><a href=\"https:\/\/iescubas-cat.infd.edu.ar\/sitio\/wp-content\/uploads\/2023\/08\/LOM-Cubas.pdf\" target=\"_blank\" rel=\"noreferrer noopener\"><img decoding=\"async\" loading=\"lazy\" src=\"https:\/\/iescubas-cat.infd.edu.ar\/sitio\/wp-content\/uploads\/2023\/08\/JEFATURAS.png\" alt=\"\" class=\"wp-image-5442\" width=\"226\" height=\"147\"\/><\/a><\/figure>\n<\/div>\n<\/div>\n\n\n\n<figure class=\"wp-block-image\"><img alt=\"\"\/><\/figure>\n","protected":false},"excerpt":{"rendered":"<p>PROFESORADO DE NIVEL INICIAL INSTITUCIONES EDUCATIVAS EN CONTEXTOS COMUNITARIOS PROFESORADO DE TECNOLOGIA F\u00cdSICA I SISTEMA DE REPRESENTACI\u00d3N PROFESORADO EN GEOGRAFIA PR\u00c1CTICA DOCENTE Y RESIDENCIA TEC. SUP. EN AN\u00c1LISIS CL\u00cdNICOS FUNDAMENTOS B\u00c1SICOS DE LABORATORIO TEC. SUP EN ENFERMER\u00cdA BIOESTAD\u00cdSTICA CUIDADOS EN ENFERMER\u00cdA CL\u00cdNICA Y QUIR\u00daRGICA DIETOTERAPIA ENFERMER\u00cdA Y CL\u00cdNICA M\u00c9DICA FARMACOLOG\u00cdA II&nbsp; HISTORIA DE LA ENFERMER\u00cdA &#8230; <a title=\"CONCURSO\/2024\" class=\"read-more\" href=\"https:\/\/iescubas-cat.infd.edu.ar\/sitio\/concurso-2024\/\" aria-label=\"More on CONCURSO\/2024\">[+]<\/a><\/p>\n","protected":false},"author":238,"featured_media":0,"parent":0,"menu_order":0,"comment_status":"closed","ping_status":"closed","template":"","meta":[],"acf":[],"_links":{"self":[{"href":"https:\/\/iescubas-cat.infd.edu.ar\/sitio\/wp-json\/wp\/v2\/pages\/6148"}],"collection":[{"href":"https:\/\/iescubas-cat.infd.edu.ar\/sitio\/wp-json\/wp\/v2\/pages"}],"about":[{"href":"https:\/\/iescubas-cat.infd.edu.ar\/sitio\/wp-json\/wp\/v2\/types\/page"}],"author":[{"embeddable":true,"href":"https:\/\/iescubas-cat.infd.edu.ar\/sitio\/wp-json\/wp\/v2\/users\/238"}],"replies":[{"embeddable":true,"href":"https:\/\/iescubas-cat.infd.edu.ar\/sitio\/wp-json\/wp\/v2\/comments?post=6148"}],"version-history":[{"count":57,"href":"https:\/\/iescubas-cat.infd.edu.ar\/sitio\/wp-json\/wp\/v2\/pages\/6148\/revisions"}],"predecessor-version":[{"id":6433,"href":"https:\/\/iescubas-cat.infd.edu.ar\/sitio\/wp-json\/wp\/v2\/pages\/6148\/revisions\/6433"}],"wp:attachment":[{"href":"https:\/\/iescubas-cat.infd.edu.ar\/sitio\/wp-json\/wp\/v2\/media?parent=6148"}],"curies":[{"name":"wp","href":"https:\/\/api.w.org\/{rel}","templated":true}]}}